{"id":29,"date":"2023-08-06T17:12:14","date_gmt":"2023-08-06T15:12:14","guid":{"rendered":"http:\/\/arc-antibes.fr\/?page_id=29"},"modified":"2026-04-21T17:02:08","modified_gmt":"2026-04-21T15:02:08","slug":"presentation","status":"publish","type":"page","link":"http:\/\/arc-antibes.fr\/?page_id=29","title":{"rendered":"Pr\u00e9sentation de la Compagnie"},"content":{"rendered":"\n<div style=\"height:50px\" aria-hidden=\"true\" class=\"wp-block-spacer\"><\/div>\n\n\n\n<h2 class=\"wp-block-heading\"><strong><mark style=\"background-color:rgba(0, 0, 0, 0)\" class=\"has-inline-color has-blue-color\">Un Club labellis\u00e9<\/mark><\/strong><\/h2>\n\n\n\n<p>Fond\u00e9e en 1957, la Compagnie d&rsquo;Arc d&rsquo;Antibes est une association \u00e0 but non lucratif loi 1901, affili\u00e9e \u00e0 la F\u00e9d\u00e9ration fran\u00e7aise de tir \u00e0 l&rsquo;arc (FFTA). Elle a pour but de faire d\u00e9couvrir le tir \u00e0 l&rsquo;arc, aussi bien aux enfants (d\u00e8s l&rsquo;\u00e2ge de 5 ans) qu&rsquo;aux adultes, et d&rsquo;en partager cette passion.<\/p>\n\n\n\n<div class=\"wp-block-media-text is-vertically-aligned-center\"><figure class=\"wp-block-media-text__media\"><img loading=\"lazy\" decoding=\"async\" width=\"512\" height=\"160\" src=\"http:\/\/arc-antibes.fr\/wp-content\/uploads\/2025\/06\/Label_Ambition.jpg\" alt=\"\" class=\"wp-image-1091 size-full\" srcset=\"http:\/\/arc-antibes.fr\/wp-content\/uploads\/2025\/06\/Label_Ambition.jpg 512w, http:\/\/arc-antibes.fr\/wp-content\/uploads\/2025\/06\/Label_Ambition-300x94.jpg 300w\" sizes=\"auto, (max-width: 512px) 100vw, 512px\" \/><\/figure><div class=\"wp-block-media-text__content\">\n<p>D\u00e9tentrice du <em>Label Or<\/em> depuis 2016 et du <em>Label Ambition<\/em> depuis 2024, notre Compagnie est ouverte \u00e0 tous les archers d\u00e9sireux de pouvoir d\u00e9couvrir et&nbsp;pratiquer ce sport dans une bonne ambiance et avec un bon encadrement.<\/p>\n<\/div><\/div>\n\n\n\n<div class=\"wp-block-media-text has-media-on-the-right is-vertically-aligned-center\" style=\"grid-template-columns:auto 32%\"><div class=\"wp-block-media-text__content\">\n<p class=\"has-text-align-left\">Depuis 2022, la Compagnie est signataire du <em>Contrat d&rsquo;engagement r\u00e9publicain des associations b\u00e9n\u00e9ficiant de subventions publiques<\/em>. Elle est ainsi reconnue d&rsquo;utilit\u00e9 publique.<\/p>\n<\/div><figure class=\"wp-block-media-text__media\"><img loading=\"lazy\" decoding=\"async\" width=\"245\" height=\"188\" src=\"http:\/\/arc-antibes.fr\/wp-content\/uploads\/2025\/07\/Le-contrat-d-engagement-republicain_large.png\" alt=\"\" class=\"wp-image-1548 size-full\"\/><\/figure><\/div>\n\n\n\n<div class=\"wp-block-media-text is-vertically-aligned-center\"><figure class=\"wp-block-media-text__media\"><img loading=\"lazy\" decoding=\"async\" width=\"522\" height=\"135\" src=\"http:\/\/arc-antibes.fr\/wp-content\/uploads\/2025\/11\/Pass_Form_Sante.jpg\" alt=\"\" class=\"wp-image-2097 size-full\" srcset=\"http:\/\/arc-antibes.fr\/wp-content\/uploads\/2025\/11\/Pass_Form_Sante.jpg 522w, http:\/\/arc-antibes.fr\/wp-content\/uploads\/2025\/11\/Pass_Form_Sante-300x78.jpg 300w\" sizes=\"auto, (max-width: 522px) 100vw, 522px\" \/><\/figure><div class=\"wp-block-media-text__content\">\n<p>La Compagnie est partenaire de <em>Sport sant\u00e9<\/em>, et adh\u00e8re au <em>PassForm Sant\u00e9<\/em> de la ville d\u2019Antibes.<\/p>\n<\/div><\/div>\n\n\n\n<div class=\"wp-block-media-text has-media-on-the-right is-vertically-aligned-center\" style=\"grid-template-columns:auto 29%\"><div class=\"wp-block-media-text__content\">\n<p>Enfin, la Compagnie est lab\u00e9lis\u00e9 <em>Club Handi Sport<\/em> et peut notamment accueillir les personnes \u00e0 mobilit\u00e9 r\u00e9duite ou en situation de handicap.<\/p>\n<\/div><figure class=\"wp-block-media-text__media\"><img loading=\"lazy\" decoding=\"async\" width=\"228\" height=\"182\" src=\"http:\/\/arc-antibes.fr\/wp-content\/uploads\/2025\/09\/Club-Handisport.jpg\" alt=\"\" class=\"wp-image-1787 size-full\"\/><\/figure><\/div>\n\n\n\n<div style=\"height:50px\" aria-hidden=\"true\" class=\"wp-block-spacer\"><\/div>\n\n\n\n<hr class=\"wp-block-separator has-alpha-channel-opacity\"\/>\n\n\n\n<h2 class=\"wp-block-heading\"><strong><mark style=\"background-color:rgba(0, 0, 0, 0)\" class=\"has-inline-color has-blue-color\">Un Club pour tous<\/mark><\/strong><\/h2>\n\n\n\n<p>Si des licenci\u00e9s sont des comp\u00e9titeurs essentiellement tourn\u00e9s vers les disciplines olympiques, un petit groupe pratique \u00e9galement les disciplines de parcours.<\/p>\n\n\n\n<p>Le loisir et la convivialit\u00e9 en font l&rsquo;un des Clubs phare de la r\u00e9gion&nbsp;et un exemple de d\u00e9veloppement sur le long terme par la fid\u00e9lisation du nombre de licenci\u00e9s et l&rsquo;innovation sur l&rsquo;apprentissage, notamment aupr\u00e8s des plus jeunes.&nbsp;<\/p>\n\n\n\n<p>Plusieurs archers de haut-niveau ont \u00e9t\u00e9 form\u00e9s \u00e0 la Compagnie d&rsquo;Arc d&rsquo;Antibes. Son \u00e9quipe d&rsquo;arc \u00e0 poulies a \u00e9volu\u00e9 durant de nombreuses ann\u00e9es au plus haut niveau fran\u00e7ais.<\/p>\n\n\n\n<p>Les personnes en situation de handicap sont \u00e9galement les bienvenues gr\u00e2ce \u00e0 un terrain accessible.<\/p>\n\n\n\n<p>Armes pratiqu\u00e9es : arc olympique, arc \u00e0 poulies, arc nu.<\/p>\n\n\n\n<div style=\"height:50px\" aria-hidden=\"true\" class=\"wp-block-spacer\"><\/div>\n\n\n\n<hr class=\"wp-block-separator has-alpha-channel-opacity\"\/>\n\n\n\n<h2 class=\"wp-block-heading\"><strong><mark style=\"background-color:rgba(0, 0, 0, 0)\" class=\"has-inline-color has-blue-color\">Des \u00e9quipements de qualit\u00e9<\/mark><\/strong><\/h2>\n\n\n\n<p>Bas\u00e9e \u00e0 Antibes dans la \u00ab\u00a0Zone des Trois Moulins\u00a0\u00bb, aux portes de Sophia-Antipolis, la Compagnie d&rsquo;Arc d&rsquo;Antibes dispose d&rsquo;\u00e9quipements adapt\u00e9s \u00e0 chacun.<\/p>\n\n\n\n<figure class=\"wp-block-image size-large\"><img loading=\"lazy\" decoding=\"async\" width=\"1024\" height=\"479\" src=\"http:\/\/arc-antibes.fr\/wp-content\/uploads\/2026\/04\/Photo_Palissade_31.03_JOL-1-1024x479.jpg\" alt=\"\" class=\"wp-image-3524\" srcset=\"http:\/\/arc-antibes.fr\/wp-content\/uploads\/2026\/04\/Photo_Palissade_31.03_JOL-1-1024x479.jpg 1024w, http:\/\/arc-antibes.fr\/wp-content\/uploads\/2026\/04\/Photo_Palissade_31.03_JOL-1-300x140.jpg 300w, http:\/\/arc-antibes.fr\/wp-content\/uploads\/2026\/04\/Photo_Palissade_31.03_JOL-1-768x359.jpg 768w, http:\/\/arc-antibes.fr\/wp-content\/uploads\/2026\/04\/Photo_Palissade_31.03_JOL-1-1536x718.jpg 1536w, http:\/\/arc-antibes.fr\/wp-content\/uploads\/2026\/04\/Photo_Palissade_31.03_JOL-1.jpg 1675w\" sizes=\"auto, (max-width: 1024px) 100vw, 1024px\" \/><\/figure>\n\n\n\n<ul class=\"wp-block-list\">\n<li>Un terrain de 24 cibles mousse, permanent et ouvert toute l&rsquo;ann\u00e9e aux adh\u00e9rents, pourvu de son propre \u00e9clairage et id\u00e9alement orient\u00e9. C&rsquo;est un des terrains de r\u00e9f\u00e9rence \u00e0 la <em>World Archery<\/em>, permettant de tirer de 5 m. \u00e0 90 m.<\/li>\n\n\n\n<li>Un <em>Club-house<\/em>.<\/li>\n\n\n\n<li>Un parking ferm\u00e9, avec aussi des emplacements pour titulaires du macaron GIC.<\/li>\n\n\n\n<li>Un acc\u00e8s \u00e0 la salle omnisports Saint Claude, pour les licenci\u00e9s du club, deux fois par semaine (les mardis soir et samedis apr\u00e8s-midi), de novembre \u00e0 mars. La salle de tir \u00e0 l&rsquo;arc est munie d&rsquo;un mur de tir en <em>stramits<\/em> \u00e0 demeure, et est utilis\u00e9e soit par l&rsquo;\u00e9cole de tir, soit pour les tireurs autonomes, permettant de pratiquer le tir \u00e0 18 m. en salle (horaires \u00e0 consulter au Club pour chaque ann\u00e9e).<\/li>\n<\/ul>\n\n\n\n<div style=\"height:50px\" aria-hidden=\"true\" class=\"wp-block-spacer\"><\/div>\n\n\n\n<hr class=\"wp-block-separator has-alpha-channel-opacity\"\/>\n\n\n\n<h2 class=\"wp-block-heading\"><strong><mark style=\"background-color:rgba(0, 0, 0, 0)\" class=\"has-inline-color has-blue-color\">Nos partenaires f\u00e9d\u00e9raux<\/mark><\/strong><\/h2>\n\n\n\n<div class=\"wp-block-group is-layout-grid wp-container-core-group-is-layout-9649a0d9 wp-block-group-is-layout-grid\">\n<figure class=\"wp-block-image size-full\"><a href=\"https:\/\/www.ffta.fr\/\" target=\"_blank\" rel=\" noreferrer noopener\"><img loading=\"lazy\" decoding=\"async\" width=\"900\" height=\"900\" src=\"http:\/\/arc-antibes.fr\/wp-content\/uploads\/2025\/06\/FFTA.jpg\" alt=\"\" class=\"wp-image-1093\" srcset=\"http:\/\/arc-antibes.fr\/wp-content\/uploads\/2025\/06\/FFTA.jpg 900w, http:\/\/arc-antibes.fr\/wp-content\/uploads\/2025\/06\/FFTA-300x300.jpg 300w, http:\/\/arc-antibes.fr\/wp-content\/uploads\/2025\/06\/FFTA-150x150.jpg 150w, http:\/\/arc-antibes.fr\/wp-content\/uploads\/2025\/06\/FFTA-768x768.jpg 768w\" sizes=\"auto, (max-width: 900px) 100vw, 900px\" \/><\/a><\/figure>\n\n\n\n<figure class=\"wp-block-image size-full wp-container-content-69bc4bdf\"><a href=\"https:\/\/www.tirarcpaca.fr\/\" target=\"_blank\" rel=\" noreferrer noopener\"><img loading=\"lazy\" decoding=\"async\" width=\"820\" height=\"600\" src=\"http:\/\/arc-antibes.fr\/wp-content\/uploads\/2025\/06\/Ligue_PACA.jpg\" alt=\"\" class=\"wp-image-1095\" srcset=\"http:\/\/arc-antibes.fr\/wp-content\/uploads\/2025\/06\/Ligue_PACA.jpg 820w, http:\/\/arc-antibes.fr\/wp-content\/uploads\/2025\/06\/Ligue_PACA-300x220.jpg 300w, http:\/\/arc-antibes.fr\/wp-content\/uploads\/2025\/06\/Ligue_PACA-768x562.jpg 768w\" sizes=\"auto, (max-width: 820px) 100vw, 820px\" \/><\/a><figcaption class=\"wp-element-caption\"><strong><em>Comit\u00e9 r\u00e9gional tir \u00e0 l&rsquo;arc<\/em><\/strong><\/figcaption><\/figure>\n\n\n\n<figure class=\"wp-block-image size-full\"><img loading=\"lazy\" decoding=\"async\" width=\"814\" height=\"818\" src=\"http:\/\/arc-antibes.fr\/wp-content\/uploads\/2025\/06\/CD06.jpg\" alt=\"\" class=\"wp-image-1096\" srcset=\"http:\/\/arc-antibes.fr\/wp-content\/uploads\/2025\/06\/CD06.jpg 814w, http:\/\/arc-antibes.fr\/wp-content\/uploads\/2025\/06\/CD06-300x300.jpg 300w, http:\/\/arc-antibes.fr\/wp-content\/uploads\/2025\/06\/CD06-150x150.jpg 150w, http:\/\/arc-antibes.fr\/wp-content\/uploads\/2025\/06\/CD06-768x772.jpg 768w\" sizes=\"auto, (max-width: 814px) 100vw, 814px\" \/><\/figure>\n<\/div>\n\n\n\n<div style=\"height:100px\" aria-hidden=\"true\" class=\"wp-block-spacer\"><\/div>\n\n\n\n<p>\u00a9 2026 Compagnie d&rsquo;Arc d&rsquo;Antibes<\/p>\n","protected":false},"excerpt":{"rendered":"<p>Un Club labellis\u00e9 Fond\u00e9e en 1957, la Compagnie d&rsquo;Arc d&rsquo;Antibes est une association \u00e0 but non lucratif loi 1901, affili\u00e9e \u00e0 la F\u00e9d\u00e9ration fran\u00e7aise de tir \u00e0 l&rsquo;arc (FFTA). Elle a pour but de faire d\u00e9couvrir le tir \u00e0 l&rsquo;arc, &hellip; <a href=\"http:\/\/arc-antibes.fr\/?page_id=29\">Continuer la lecture <span class=\"meta-nav\">&rarr;<\/span><\/a><\/p>\n","protected":false},"author":1,"featured_media":1070,"parent":0,"menu_order":0,"comment_status":"closed","ping_status":"closed","template":"","meta":{"ngg_post_thumbnail":0,"footnotes":""},"class_list":["post-29","page","type-page","status-publish","has-post-thumbnail","hentry"],"_links":{"self":[{"href":"http:\/\/arc-antibes.fr\/index.php?rest_route=\/wp\/v2\/pages\/29","targetHints":{"allow":["GET"]}}],"collection":[{"href":"http:\/\/arc-antibes.fr\/index.php?rest_route=\/wp\/v2\/pages"}],"about":[{"href":"http:\/\/arc-antibes.fr\/index.php?rest_route=\/wp\/v2\/types\/page"}],"author":[{"embeddable":true,"href":"http:\/\/arc-antibes.fr\/index.php?rest_route=\/wp\/v2\/users\/1"}],"replies":[{"embeddable":true,"href":"http:\/\/arc-antibes.fr\/index.php?rest_route=%2Fwp%2Fv2%2Fcomments&post=29"}],"version-history":[{"count":121,"href":"http:\/\/arc-antibes.fr\/index.php?rest_route=\/wp\/v2\/pages\/29\/revisions"}],"predecessor-version":[{"id":3639,"href":"http:\/\/arc-antibes.fr\/index.php?rest_route=\/wp\/v2\/pages\/29\/revisions\/3639"}],"wp:featuredmedia":[{"embeddable":true,"href":"http:\/\/arc-antibes.fr\/index.php?rest_route=\/wp\/v2\/media\/1070"}],"wp:attachment":[{"href":"http:\/\/arc-antibes.fr\/index.php?rest_route=%2Fwp%2Fv2%2Fmedia&parent=29"}],"curies":[{"name":"wp","href":"https:\/\/api.w.org\/{rel}","templated":true}]}}

Présentation de la Compagnie

<div style="height:50px" aria-hidden="true" class="wp-block-spacer"></div>



<h2 class="wp-block-heading"><strong><mark style="background-color:rgba(0, 0, 0, 0)" class="has-inline-color has-blue-color">Un Club labellisé</mark></strong></h2>



<p>Fondée en 1957, la Compagnie d&rsquo;Arc d&rsquo;Antibes est une association à but non lucratif loi 1901, affiliée à la Fédération française de tir à l&rsquo;arc (FFTA). Elle a pour but de faire découvrir le tir à l&rsquo;arc, aussi bien aux enfants (dès l&rsquo;âge de 5 ans) qu&rsquo;aux adultes, et d&rsquo;en partager cette passion.</p>



<div class="wp-block-media-text is-vertically-aligned-center"><figure class="wp-block-media-text__media"><img loading="lazy" decoding="async" width="512" height="160" src="http://arc-antibes.fr/wp-content/uploads/2025/06/Label_Ambition.jpg" alt="" class="wp-image-1091 size-full" srcset="http://arc-antibes.fr/wp-content/uploads/2025/06/Label_Ambition.jpg 512w, http://arc-antibes.fr/wp-content/uploads/2025/06/Label_Ambition-300x94.jpg 300w" sizes="auto, (max-width: 512px) 100vw, 512px" /></figure><div class="wp-block-media-text__content">
<p>Détentrice du <em>Label Or</em> depuis 2016 et du <em>Label Ambition</em> depuis 2024, notre Compagnie est ouverte à tous les archers désireux de pouvoir découvrir et&nbsp;pratiquer ce sport dans une bonne ambiance et avec un bon encadrement.</p>
</div></div>



<div class="wp-block-media-text has-media-on-the-right is-vertically-aligned-center" style="grid-template-columns:auto 32%"><div class="wp-block-media-text__content">
<p class="has-text-align-left">Depuis 2022, la Compagnie est signataire du <em>Contrat d&rsquo;engagement républicain des associations bénéficiant de subventions publiques</em>. Elle est ainsi reconnue d&rsquo;utilité publique.</p>
</div><figure class="wp-block-media-text__media"><img loading="lazy" decoding="async" width="245" height="188" src="http://arc-antibes.fr/wp-content/uploads/2025/07/Le-contrat-d-engagement-republicain_large.png" alt="" class="wp-image-1548 size-full"/></figure></div>



<div class="wp-block-media-text is-vertically-aligned-center"><figure class="wp-block-media-text__media"><img loading="lazy" decoding="async" width="522" height="135" src="http://arc-antibes.fr/wp-content/uploads/2025/11/Pass_Form_Sante.jpg" alt="" class="wp-image-2097 size-full" srcset="http://arc-antibes.fr/wp-content/uploads/2025/11/Pass_Form_Sante.jpg 522w, http://arc-antibes.fr/wp-content/uploads/2025/11/Pass_Form_Sante-300x78.jpg 300w" sizes="auto, (max-width: 522px) 100vw, 522px" /></figure><div class="wp-block-media-text__content">
<p>La Compagnie est partenaire de <em>Sport santé</em>, et adhère au <em>PassForm Santé</em> de la ville d’Antibes.</p>
</div></div>



<div class="wp-block-media-text has-media-on-the-right is-vertically-aligned-center" style="grid-template-columns:auto 29%"><div class="wp-block-media-text__content">
<p>Enfin, la Compagnie est labélisé <em>Club Handi Sport</em> et peut notamment accueillir les personnes à mobilité réduite ou en situation de handicap.</p>
</div><figure class="wp-block-media-text__media"><img loading="lazy" decoding="async" width="228" height="182" src="http://arc-antibes.fr/wp-content/uploads/2025/09/Club-Handisport.jpg" alt="" class="wp-image-1787 size-full"/></figure></div>



<div style="height:50px" aria-hidden="true" class="wp-block-spacer"></div>



<hr class="wp-block-separator has-alpha-channel-opacity"/>



<h2 class="wp-block-heading"><strong><mark style="background-color:rgba(0, 0, 0, 0)" class="has-inline-color has-blue-color">Un Club pour tous</mark></strong></h2>



<p>Si des licenciés sont des compétiteurs essentiellement tournés vers les disciplines olympiques, un petit groupe pratique également les disciplines de parcours.</p>



<p>Le loisir et la convivialité en font l&rsquo;un des Clubs phare de la région&nbsp;et un exemple de développement sur le long terme par la fidélisation du nombre de licenciés et l&rsquo;innovation sur l&rsquo;apprentissage, notamment auprès des plus jeunes.&nbsp;</p>



<p>Plusieurs archers de haut-niveau ont été formés à la Compagnie d&rsquo;Arc d&rsquo;Antibes. Son équipe d&rsquo;arc à poulies a évolué durant de nombreuses années au plus haut niveau français.</p>



<p>Les personnes en situation de handicap sont également les bienvenues grâce à un terrain accessible.</p>



<p>Armes pratiquées : arc olympique, arc à poulies, arc nu.</p>



<div style="height:50px" aria-hidden="true" class="wp-block-spacer"></div>



<hr class="wp-block-separator has-alpha-channel-opacity"/>



<h2 class="wp-block-heading"><strong><mark style="background-color:rgba(0, 0, 0, 0)" class="has-inline-color has-blue-color">Des équipements de qualité</mark></strong></h2>



<p>Basée à Antibes dans la « Zone des Trois Moulins », aux portes de Sophia-Antipolis, la Compagnie d&rsquo;Arc d&rsquo;Antibes dispose d&rsquo;équipements adaptés à chacun.</p>



<figure class="wp-block-image size-large"><img loading="lazy" decoding="async" width="1024" height="479" src="http://arc-antibes.fr/wp-content/uploads/2026/04/Photo_Palissade_31.03_JOL-1-1024x479.jpg" alt="" class="wp-image-3524" srcset="http://arc-antibes.fr/wp-content/uploads/2026/04/Photo_Palissade_31.03_JOL-1-1024x479.jpg 1024w, http://arc-antibes.fr/wp-content/uploads/2026/04/Photo_Palissade_31.03_JOL-1-300x140.jpg 300w, http://arc-antibes.fr/wp-content/uploads/2026/04/Photo_Palissade_31.03_JOL-1-768x359.jpg 768w, http://arc-antibes.fr/wp-content/uploads/2026/04/Photo_Palissade_31.03_JOL-1-1536x718.jpg 1536w, http://arc-antibes.fr/wp-content/uploads/2026/04/Photo_Palissade_31.03_JOL-1.jpg 1675w" sizes="auto, (max-width: 1024px) 100vw, 1024px" /></figure>



<ul class="wp-block-list">
<li>Un terrain de 24 cibles mousse, permanent et ouvert toute l&rsquo;année aux adhérents, pourvu de son propre éclairage et idéalement orienté. C&rsquo;est un des terrains de référence à la <em>World Archery</em>, permettant de tirer de 5 m. à 90 m.</li>



<li>Un <em>Club-house</em>.</li>



<li>Un parking fermé, avec aussi des emplacements pour titulaires du macaron GIC.</li>



<li>Un accès à la salle omnisports Saint Claude, pour les licenciés du club, deux fois par semaine (les mardis soir et samedis après-midi), de novembre à mars. La salle de tir à l&rsquo;arc est munie d&rsquo;un mur de tir en <em>stramits</em> à demeure, et est utilisée soit par l&rsquo;école de tir, soit pour les tireurs autonomes, permettant de pratiquer le tir à 18 m. en salle (horaires à consulter au Club pour chaque année).</li>
</ul>



<div style="height:50px" aria-hidden="true" class="wp-block-spacer"></div>



<hr class="wp-block-separator has-alpha-channel-opacity"/>



<h2 class="wp-block-heading"><strong><mark style="background-color:rgba(0, 0, 0, 0)" class="has-inline-color has-blue-color">Nos partenaires fédéraux</mark></strong></h2>



<div class="wp-block-group is-layout-grid wp-container-core-group-is-layout-9649a0d9 wp-block-group-is-layout-grid">
<figure class="wp-block-image size-full"><a href="https://www.ffta.fr/" target="_blank" rel=" noreferrer noopener"><img loading="lazy" decoding="async" width="900" height="900" src="http://arc-antibes.fr/wp-content/uploads/2025/06/FFTA.jpg" alt="" class="wp-image-1093" srcset="http://arc-antibes.fr/wp-content/uploads/2025/06/FFTA.jpg 900w, http://arc-antibes.fr/wp-content/uploads/2025/06/FFTA-300x300.jpg 300w, http://arc-antibes.fr/wp-content/uploads/2025/06/FFTA-150x150.jpg 150w, http://arc-antibes.fr/wp-content/uploads/2025/06/FFTA-768x768.jpg 768w" sizes="auto, (max-width: 900px) 100vw, 900px" /></a></figure>



<figure class="wp-block-image size-full wp-container-content-69bc4bdf"><a href="https://www.tirarcpaca.fr/" target="_blank" rel=" noreferrer noopener"><img loading="lazy" decoding="async" width="820" height="600" src="http://arc-antibes.fr/wp-content/uploads/2025/06/Ligue_PACA.jpg" alt="" class="wp-image-1095" srcset="http://arc-antibes.fr/wp-content/uploads/2025/06/Ligue_PACA.jpg 820w, http://arc-antibes.fr/wp-content/uploads/2025/06/Ligue_PACA-300x220.jpg 300w, http://arc-antibes.fr/wp-content/uploads/2025/06/Ligue_PACA-768x562.jpg 768w" sizes="auto, (max-width: 820px) 100vw, 820px" /></a><figcaption class="wp-element-caption"><strong><em>Comité régional tir à l&rsquo;arc</em></strong></figcaption></figure>



<figure class="wp-block-image size-full"><img loading="lazy" decoding="async" width="814" height="818" src="http://arc-antibes.fr/wp-content/uploads/2025/06/CD06.jpg" alt="" class="wp-image-1096" srcset="http://arc-antibes.fr/wp-content/uploads/2025/06/CD06.jpg 814w, http://arc-antibes.fr/wp-content/uploads/2025/06/CD06-300x300.jpg 300w, http://arc-antibes.fr/wp-content/uploads/2025/06/CD06-150x150.jpg 150w, http://arc-antibes.fr/wp-content/uploads/2025/06/CD06-768x772.jpg 768w" sizes="auto, (max-width: 814px) 100vw, 814px" /></figure>
</div>



<div style="height:100px" aria-hidden="true" class="wp-block-spacer"></div>



<p>© 2026 Compagnie d&rsquo;Arc d&rsquo;Antibes</p>

<p>Un Club labellisé Fondée en 1957, la Compagnie d&rsquo;Arc d&rsquo;Antibes est une association à but non lucratif loi 1901, affiliée à la Fédération française de tir à l&rsquo;arc (FFTA). Elle a pour but de faire découvrir le tir à l&rsquo;arc, &hellip; <a href="http://arc-antibes.fr/?page_id=29">Continuer la lecture <span class="meta-nav">&rarr;</span></a></p>
