{"id":710,"date":"2025-06-16T00:14:24","date_gmt":"2025-06-15T22:14:24","guid":{"rendered":"http:\/\/arc-antibes.fr\/?page_id=710"},"modified":"2026-03-29T09:52:43","modified_gmt":"2026-03-29T07:52:43","slug":"entrainements","status":"publish","type":"page","link":"http:\/\/arc-antibes.fr\/?page_id=710","title":{"rendered":"Entra\u00eenements"},"content":{"rendered":"\n<div style=\"height:50px\" aria-hidden=\"true\" class=\"wp-block-spacer\"><\/div>\n\n\n\n<p>La Compagnie d&rsquo;Arc d&rsquo;Antibes propose des s\u00e9ances d&rsquo;entra\u00eenement adapt\u00e9es \u00e0 chacun. D\u00e9couvrez-les !<\/p>\n\n\n\n<div style=\"height:50px\" aria-hidden=\"true\" class=\"wp-block-spacer\"><\/div>\n\n\n\n<figure class=\"wp-block-pullquote\"><blockquote><p>\u00ab\u00a0Oubliez la derni\u00e8re fl\u00e8che, <br>seule la suivante compte.\u00a0\u00bb<\/p><\/blockquote><\/figure>\n\n\n\n<div style=\"height:50px\" aria-hidden=\"true\" class=\"wp-block-spacer\"><\/div>\n\n\n\n<h2 class=\"wp-block-heading\"><strong><mark style=\"background-color:rgba(0, 0, 0, 0)\" class=\"has-inline-color has-blue-color\">Dans cette rubrique<\/mark><\/strong><\/h2>\n\n\n\n<div class=\"wp-block-group is-nowrap is-layout-flex wp-container-core-group-is-layout-ad2f72ca wp-block-group-is-layout-flex\">\n<figure class=\"wp-block-image size-large wp-container-content-a6f7e2ff\"><a href=\"http:\/\/arc-antibes.fr\/?page_id=34\"><img loading=\"lazy\" decoding=\"async\" width=\"1024\" height=\"1024\" src=\"http:\/\/arc-antibes.fr\/wp-content\/uploads\/2025\/12\/LEcole_ETAF-1024x1024.jpg\" alt=\"\" class=\"wp-image-2914\" srcset=\"http:\/\/arc-antibes.fr\/wp-content\/uploads\/2025\/12\/LEcole_ETAF-1024x1024.jpg 1024w, http:\/\/arc-antibes.fr\/wp-content\/uploads\/2025\/12\/LEcole_ETAF-300x300.jpg 300w, http:\/\/arc-antibes.fr\/wp-content\/uploads\/2025\/12\/LEcole_ETAF-150x150.jpg 150w, http:\/\/arc-antibes.fr\/wp-content\/uploads\/2025\/12\/LEcole_ETAF-768x768.jpg 768w, http:\/\/arc-antibes.fr\/wp-content\/uploads\/2025\/12\/LEcole_ETAF-1536x1536.jpg 1536w, http:\/\/arc-antibes.fr\/wp-content\/uploads\/2025\/12\/LEcole_ETAF.jpg 1777w\" sizes=\"auto, (max-width: 1024px) 100vw, 1024px\" \/><\/a><\/figure>\n\n\n\n<figure class=\"wp-block-image size-large wp-container-content-a6f7e2ff\"><a href=\"http:\/\/arc-antibes.fr\/?page_id=371\"><img loading=\"lazy\" decoding=\"async\" width=\"1024\" height=\"1024\" src=\"http:\/\/arc-antibes.fr\/wp-content\/uploads\/2025\/12\/Les_Adultes-1-1024x1024.jpg\" alt=\"\" class=\"wp-image-2916\" srcset=\"http:\/\/arc-antibes.fr\/wp-content\/uploads\/2025\/12\/Les_Adultes-1-1024x1024.jpg 1024w, http:\/\/arc-antibes.fr\/wp-content\/uploads\/2025\/12\/Les_Adultes-1-300x300.jpg 300w, http:\/\/arc-antibes.fr\/wp-content\/uploads\/2025\/12\/Les_Adultes-1-150x150.jpg 150w, http:\/\/arc-antibes.fr\/wp-content\/uploads\/2025\/12\/Les_Adultes-1-768x768.jpg 768w, http:\/\/arc-antibes.fr\/wp-content\/uploads\/2025\/12\/Les_Adultes-1-1536x1536.jpg 1536w, http:\/\/arc-antibes.fr\/wp-content\/uploads\/2025\/12\/Les_Adultes-1.jpg 1777w\" sizes=\"auto, (max-width: 1024px) 100vw, 1024px\" \/><\/a><\/figure>\n<\/div>\n\n\n\n<div style=\"height:100px\" aria-hidden=\"true\" class=\"wp-block-spacer\"><\/div>\n\n\n\n<p>\u00a9 2026 Compagnie d&rsquo;Arc d&rsquo;Antibes<\/p>\n","protected":false},"excerpt":{"rendered":"<p>La Compagnie d&rsquo;Arc d&rsquo;Antibes propose des s\u00e9ances d&rsquo;entra\u00eenement adapt\u00e9es \u00e0 chacun. D\u00e9couvrez-les ! \u00ab\u00a0Oubliez la derni\u00e8re fl\u00e8che, seule la suivante compte.\u00a0\u00bb Dans cette rubrique \u00a9 2026 Compagnie d&rsquo;Arc d&rsquo;Antibes<\/p>\n","protected":false},"author":1,"featured_media":1051,"parent":0,"menu_order":0,"comment_status":"closed","ping_status":"closed","template":"","meta":{"ngg_post_thumbnail":0,"footnotes":""},"class_list":["post-710","page","type-page","status-publish","has-post-thumbnail","hentry"],"_links":{"self":[{"href":"http:\/\/arc-antibes.fr\/index.php?rest_route=\/wp\/v2\/pages\/710","targetHints":{"allow":["GET"]}}],"collection":[{"href":"http:\/\/arc-antibes.fr\/index.php?rest_route=\/wp\/v2\/pages"}],"about":[{"href":"http:\/\/arc-antibes.fr\/index.php?rest_route=\/wp\/v2\/types\/page"}],"author":[{"embeddable":true,"href":"http:\/\/arc-antibes.fr\/index.php?rest_route=\/wp\/v2\/users\/1"}],"replies":[{"embeddable":true,"href":"http:\/\/arc-antibes.fr\/index.php?rest_route=%2Fwp%2Fv2%2Fcomments&post=710"}],"version-history":[{"count":42,"href":"http:\/\/arc-antibes.fr\/index.php?rest_route=\/wp\/v2\/pages\/710\/revisions"}],"predecessor-version":[{"id":3507,"href":"http:\/\/arc-antibes.fr\/index.php?rest_route=\/wp\/v2\/pages\/710\/revisions\/3507"}],"wp:featuredmedia":[{"embeddable":true,"href":"http:\/\/arc-antibes.fr\/index.php?rest_route=\/wp\/v2\/media\/1051"}],"wp:attachment":[{"href":"http:\/\/arc-antibes.fr\/index.php?rest_route=%2Fwp%2Fv2%2Fmedia&parent=710"}],"curies":[{"name":"wp","href":"https:\/\/api.w.org\/{rel}","templated":true}]}}