{"id":771,"date":"2025-06-21T23:27:02","date_gmt":"2025-06-21T21:27:02","guid":{"rendered":"http:\/\/arc-antibes.fr\/?page_id=771"},"modified":"2026-04-19T15:32:39","modified_gmt":"2026-04-19T13:32:39","slug":"bureau-comite-de-direction","status":"publish","type":"page","link":"http:\/\/arc-antibes.fr\/?page_id=771","title":{"rendered":"L&rsquo;\u00e9quipe dirigeante et encadrante"},"content":{"rendered":"\n<div style=\"height:50px\" aria-hidden=\"true\" class=\"wp-block-spacer\"><\/div>\n\n\n\n<div class=\"wp-block-group\"><div class=\"wp-block-group__inner-container is-layout-constrained wp-block-group-is-layout-constrained\">\n<h2 class=\"wp-block-heading has-text-align-left\"><strong><mark style=\"background-color:rgba(0, 0, 0, 0)\" class=\"has-inline-color has-blue-color\">Le Comit\u00e9 directeur<\/mark><\/strong><\/h2>\n\n\n\n<figure class=\"wp-block-table\"><table class=\"has-fixed-layout\"><tbody><tr><td class=\"has-text-align-center\" data-align=\"center\"><strong>Le Pr\u00e9sident<\/strong><\/td><td class=\"has-text-align-center\" data-align=\"center\"><strong>La Secr\u00e9taire<\/strong><\/td><td class=\"has-text-align-center\" data-align=\"center\"><strong>La Tr\u00e9sori\u00e8re<\/strong><\/td><\/tr><tr><td class=\"has-text-align-center\" data-align=\"center\">Jean-Olivier LESAGE<\/td><td class=\"has-text-align-center\" data-align=\"center\">Evelyne BOUR<\/td><td class=\"has-text-align-center\" data-align=\"center\">St\u00e9phanie PUCHOL<\/td><\/tr><\/tbody><\/table><\/figure>\n<\/div><\/div>\n\n\n\n<div style=\"height:50px\" aria-hidden=\"true\" class=\"wp-block-spacer\"><\/div>\n\n\n\n<hr class=\"wp-block-separator has-alpha-channel-opacity\"\/>\n\n\n\n<div class=\"wp-block-group\"><div class=\"wp-block-group__inner-container is-layout-constrained wp-block-group-is-layout-constrained\">\n<h2 class=\"wp-block-heading has-text-align-left\"><strong><mark style=\"background-color:rgba(0, 0, 0, 0)\" class=\"has-inline-color has-blue-color\">Le Bureau<\/mark><\/strong><\/h2>\n\n\n\n<div class=\"wp-block-group is-layout-grid wp-container-core-group-is-layout-9649a0d9 wp-block-group-is-layout-grid\">\n<p class=\"has-text-align-center\">Florian BOIZET <\/p>\n\n\n\n<p class=\"has-text-align-center wp-container-content-69bc4bdf\">Simona PHILIPS<\/p>\n\n\n\n<p class=\"has-text-align-center\">Gr\u00e9gory PHILIPS<\/p>\n\n\n\n<p class=\"has-text-align-center\">Xavier FOUASSIER<\/p>\n\n\n\n<p class=\"has-text-align-center\">Christel DUMAS<\/p>\n\n\n\n<p class=\"has-text-align-center\">Yannick BOUR<\/p>\n<\/div>\n<\/div><\/div>\n\n\n\n<div style=\"height:50px\" aria-hidden=\"true\" class=\"wp-block-spacer\"><\/div>\n\n\n\n<hr class=\"wp-block-separator has-alpha-channel-opacity\"\/>\n\n\n\n<div class=\"wp-block-group\"><div class=\"wp-block-group__inner-container is-layout-constrained wp-block-group-is-layout-constrained\">\n<h2 class=\"wp-block-heading has-text-align-left\"><strong><mark style=\"background-color:rgba(0, 0, 0, 0)\" class=\"has-inline-color has-blue-color\">La Brevet\u00e9e d&rsquo;Etat 2<\/mark><\/strong><sup><strong><mark style=\"background-color:rgba(0, 0, 0, 0)\" class=\"has-inline-color has-blue-color\">nd<\/mark><\/strong><\/sup><strong><mark style=\"background-color:rgba(0, 0, 0, 0)\" class=\"has-inline-color has-blue-color\"><\/mark><\/strong><strong><mark style=\"background-color:rgba(0, 0, 0, 0)\" class=\"has-inline-color has-blue-color\">degr\u00e9<\/mark><\/strong><\/h2>\n\n\n\n<div class=\"wp-block-group is-layout-grid wp-container-core-group-is-layout-9649a0d9 wp-block-group-is-layout-grid\">\n<p><\/p>\n\n\n\n<p class=\"has-text-align-center\">Christel DUMAS<\/p>\n<\/div>\n<\/div><\/div>\n\n\n\n<div style=\"height:50px\" aria-hidden=\"true\" class=\"wp-block-spacer\"><\/div>\n\n\n\n<hr class=\"wp-block-separator has-alpha-channel-opacity\"\/>\n\n\n\n<div class=\"wp-block-group\"><div class=\"wp-block-group__inner-container is-layout-constrained wp-block-group-is-layout-constrained\">\n<h2 class=\"wp-block-heading has-text-align-left\"><strong><mark style=\"background-color:rgba(0, 0, 0, 0)\" class=\"has-inline-color has-blue-color\">Les Entra\u00eeneurs f\u00e9d\u00e9raux<\/mark><\/strong><\/h2>\n\n\n\n<div class=\"wp-block-group is-layout-grid wp-container-core-group-is-layout-9649a0d9 wp-block-group-is-layout-grid\">\n<p class=\"has-text-align-center wp-container-content-69bc4bdf\">Florian BOIZET<\/p>\n\n\n\n<p class=\"has-text-align-center wp-container-content-69bc4bdf\">Xavier FOUASSIER<\/p>\n\n\n\n<p class=\"has-text-align-center\">Pierrick FUSELIER<\/p>\n<\/div>\n<\/div><\/div>\n\n\n\n<div style=\"height:50px\" aria-hidden=\"true\" class=\"wp-block-spacer\"><\/div>\n\n\n\n<hr class=\"wp-block-separator has-alpha-channel-opacity\"\/>\n\n\n\n<div class=\"wp-block-group\"><div class=\"wp-block-group__inner-container is-layout-constrained wp-block-group-is-layout-constrained\">\n<h2 class=\"wp-block-heading has-text-align-left\"><strong><mark style=\"background-color:rgba(0, 0, 0, 0)\" class=\"has-inline-color has-blue-color\">Les Initiateurs et Encadrants f\u00e9d\u00e9raux<\/mark><\/strong><\/h2>\n\n\n\n<div class=\"wp-block-group is-layout-grid wp-container-core-group-is-layout-9649a0d9 wp-block-group-is-layout-grid\">\n<p class=\"has-text-align-center\">Thierry RIBERO<\/p>\n\n\n\n<p class=\"has-text-align-center\">Adrien JEAN<\/p>\n\n\n\n<p class=\"has-text-align-center\">Elora JERMANN<\/p>\n\n\n\n<p class=\"has-text-align-center\">Eric MEBARKI<\/p>\n\n\n\n<p class=\"has-text-align-center\">Simona PHILIPS<\/p>\n\n\n\n<p class=\"has-text-align-center\">R\u00e9becca TOSI<\/p>\n<\/div>\n<\/div><\/div>\n\n\n\n<div style=\"height:50px\" aria-hidden=\"true\" class=\"wp-block-spacer\"><\/div>\n\n\n\n<hr class=\"wp-block-separator has-alpha-channel-opacity is-style-default\"\/>\n\n\n\n<div class=\"wp-block-group\"><div class=\"wp-block-group__inner-container is-layout-constrained wp-block-group-is-layout-constrained\">\n<h2 class=\"wp-block-heading has-text-align-left\"><strong><mark style=\"background-color:rgba(0, 0, 0, 0)\" class=\"has-inline-color has-blue-color\">Les Arbitres<\/mark><\/strong><\/h2>\n\n\n\n<div class=\"wp-block-group is-layout-grid wp-container-core-group-is-layout-9649a0d9 wp-block-group-is-layout-grid\">\n<p class=\"has-text-align-center\">Thierry RIBERO<\/p>\n\n\n\n<p class=\"has-text-align-center\">Gr\u00e9gory PHILIPS<\/p>\n\n\n\n<p class=\"has-text-align-center\">Fran\u00e7ois MALABRE<\/p>\n<\/div>\n<\/div><\/div>\n\n\n\n<div style=\"height:100px\" aria-hidden=\"true\" class=\"wp-block-spacer\"><\/div>\n\n\n\n<p>\u00a9 2026 Compagnie d&rsquo;Arc d&rsquo;Antibes<\/p>\n","protected":false},"excerpt":{"rendered":"<p>Le Comit\u00e9 directeur Le Pr\u00e9sident La Secr\u00e9taire La Tr\u00e9sori\u00e8re Jean-Olivier LESAGE Evelyne BOUR St\u00e9phanie PUCHOL Le Bureau Florian BOIZET Simona PHILIPS Gr\u00e9gory PHILIPS Xavier FOUASSIER Christel DUMAS Yannick BOUR La Brevet\u00e9e d&rsquo;Etat 2nddegr\u00e9 Christel DUMAS Les Entra\u00eeneurs f\u00e9d\u00e9raux Florian BOIZET &hellip; <a href=\"http:\/\/arc-antibes.fr\/?page_id=771\">Continuer la lecture <span class=\"meta-nav\">&rarr;<\/span><\/a><\/p>\n","protected":false},"author":1,"featured_media":1072,"parent":0,"menu_order":0,"comment_status":"closed","ping_status":"closed","template":"","meta":{"ngg_post_thumbnail":0,"footnotes":""},"class_list":["post-771","page","type-page","status-publish","has-post-thumbnail","hentry"],"_links":{"self":[{"href":"http:\/\/arc-antibes.fr\/index.php?rest_route=\/wp\/v2\/pages\/771","targetHints":{"allow":["GET"]}}],"collection":[{"href":"http:\/\/arc-antibes.fr\/index.php?rest_route=\/wp\/v2\/pages"}],"about":[{"href":"http:\/\/arc-antibes.fr\/index.php?rest_route=\/wp\/v2\/types\/page"}],"author":[{"embeddable":true,"href":"http:\/\/arc-antibes.fr\/index.php?rest_route=\/wp\/v2\/users\/1"}],"replies":[{"embeddable":true,"href":"http:\/\/arc-antibes.fr\/index.php?rest_route=%2Fwp%2Fv2%2Fcomments&post=771"}],"version-history":[{"count":54,"href":"http:\/\/arc-antibes.fr\/index.php?rest_route=\/wp\/v2\/pages\/771\/revisions"}],"predecessor-version":[{"id":3545,"href":"http:\/\/arc-antibes.fr\/index.php?rest_route=\/wp\/v2\/pages\/771\/revisions\/3545"}],"wp:featuredmedia":[{"embeddable":true,"href":"http:\/\/arc-antibes.fr\/index.php?rest_route=\/wp\/v2\/media\/1072"}],"wp:attachment":[{"href":"http:\/\/arc-antibes.fr\/index.php?rest_route=%2Fwp%2Fv2%2Fmedia&parent=771"}],"curies":[{"name":"wp","href":"https:\/\/api.w.org\/{rel}","templated":true}]}}

L&rsquo;équipe dirigeante et encadrante

<div style="height:50px" aria-hidden="true" class="wp-block-spacer"></div>



<div class="wp-block-group"><div class="wp-block-group__inner-container is-layout-constrained wp-block-group-is-layout-constrained">
<h2 class="wp-block-heading has-text-align-left"><strong><mark style="background-color:rgba(0, 0, 0, 0)" class="has-inline-color has-blue-color">Le Comité directeur</mark></strong></h2>



<figure class="wp-block-table"><table class="has-fixed-layout"><tbody><tr><td class="has-text-align-center" data-align="center"><strong>Le Président</strong></td><td class="has-text-align-center" data-align="center"><strong>La Secrétaire</strong></td><td class="has-text-align-center" data-align="center"><strong>La Trésorière</strong></td></tr><tr><td class="has-text-align-center" data-align="center">Jean-Olivier LESAGE</td><td class="has-text-align-center" data-align="center">Evelyne BOUR</td><td class="has-text-align-center" data-align="center">Stéphanie PUCHOL</td></tr></tbody></table></figure>
</div></div>



<div style="height:50px" aria-hidden="true" class="wp-block-spacer"></div>



<hr class="wp-block-separator has-alpha-channel-opacity"/>



<div class="wp-block-group"><div class="wp-block-group__inner-container is-layout-constrained wp-block-group-is-layout-constrained">
<h2 class="wp-block-heading has-text-align-left"><strong><mark style="background-color:rgba(0, 0, 0, 0)" class="has-inline-color has-blue-color">Le Bureau</mark></strong></h2>



<div class="wp-block-group is-layout-grid wp-container-core-group-is-layout-9649a0d9 wp-block-group-is-layout-grid">
<p class="has-text-align-center">Florian BOIZET </p>



<p class="has-text-align-center wp-container-content-69bc4bdf">Simona PHILIPS</p>



<p class="has-text-align-center">Grégory PHILIPS</p>



<p class="has-text-align-center">Xavier FOUASSIER</p>



<p class="has-text-align-center">Christel DUMAS</p>



<p class="has-text-align-center">Yannick BOUR</p>
</div>
</div></div>



<div style="height:50px" aria-hidden="true" class="wp-block-spacer"></div>



<hr class="wp-block-separator has-alpha-channel-opacity"/>



<div class="wp-block-group"><div class="wp-block-group__inner-container is-layout-constrained wp-block-group-is-layout-constrained">
<h2 class="wp-block-heading has-text-align-left"><strong><mark style="background-color:rgba(0, 0, 0, 0)" class="has-inline-color has-blue-color">La Brevetée d&rsquo;Etat 2</mark></strong><sup><strong><mark style="background-color:rgba(0, 0, 0, 0)" class="has-inline-color has-blue-color">nd</mark></strong></sup><strong><mark style="background-color:rgba(0, 0, 0, 0)" class="has-inline-color has-blue-color"></mark></strong><strong><mark style="background-color:rgba(0, 0, 0, 0)" class="has-inline-color has-blue-color">degré</mark></strong></h2>



<div class="wp-block-group is-layout-grid wp-container-core-group-is-layout-9649a0d9 wp-block-group-is-layout-grid">
<p></p>



<p class="has-text-align-center">Christel DUMAS</p>
</div>
</div></div>



<div style="height:50px" aria-hidden="true" class="wp-block-spacer"></div>



<hr class="wp-block-separator has-alpha-channel-opacity"/>



<div class="wp-block-group"><div class="wp-block-group__inner-container is-layout-constrained wp-block-group-is-layout-constrained">
<h2 class="wp-block-heading has-text-align-left"><strong><mark style="background-color:rgba(0, 0, 0, 0)" class="has-inline-color has-blue-color">Les Entraîneurs fédéraux</mark></strong></h2>



<div class="wp-block-group is-layout-grid wp-container-core-group-is-layout-9649a0d9 wp-block-group-is-layout-grid">
<p class="has-text-align-center wp-container-content-69bc4bdf">Florian BOIZET</p>



<p class="has-text-align-center wp-container-content-69bc4bdf">Xavier FOUASSIER</p>



<p class="has-text-align-center">Pierrick FUSELIER</p>
</div>
</div></div>



<div style="height:50px" aria-hidden="true" class="wp-block-spacer"></div>



<hr class="wp-block-separator has-alpha-channel-opacity"/>



<div class="wp-block-group"><div class="wp-block-group__inner-container is-layout-constrained wp-block-group-is-layout-constrained">
<h2 class="wp-block-heading has-text-align-left"><strong><mark style="background-color:rgba(0, 0, 0, 0)" class="has-inline-color has-blue-color">Les Initiateurs et Encadrants fédéraux</mark></strong></h2>



<div class="wp-block-group is-layout-grid wp-container-core-group-is-layout-9649a0d9 wp-block-group-is-layout-grid">
<p class="has-text-align-center">Thierry RIBERO</p>



<p class="has-text-align-center">Adrien JEAN</p>



<p class="has-text-align-center">Elora JERMANN</p>



<p class="has-text-align-center">Eric MEBARKI</p>



<p class="has-text-align-center">Simona PHILIPS</p>



<p class="has-text-align-center">Rébecca TOSI</p>
</div>
</div></div>



<div style="height:50px" aria-hidden="true" class="wp-block-spacer"></div>



<hr class="wp-block-separator has-alpha-channel-opacity is-style-default"/>



<div class="wp-block-group"><div class="wp-block-group__inner-container is-layout-constrained wp-block-group-is-layout-constrained">
<h2 class="wp-block-heading has-text-align-left"><strong><mark style="background-color:rgba(0, 0, 0, 0)" class="has-inline-color has-blue-color">Les Arbitres</mark></strong></h2>



<div class="wp-block-group is-layout-grid wp-container-core-group-is-layout-9649a0d9 wp-block-group-is-layout-grid">
<p class="has-text-align-center">Thierry RIBERO</p>



<p class="has-text-align-center">Grégory PHILIPS</p>



<p class="has-text-align-center">François MALABRE</p>
</div>
</div></div>



<div style="height:100px" aria-hidden="true" class="wp-block-spacer"></div>



<p>© 2026 Compagnie d&rsquo;Arc d&rsquo;Antibes</p>

<p>Le Comité directeur Le Président La Secrétaire La Trésorière Jean-Olivier LESAGE Evelyne BOUR Stéphanie PUCHOL Le Bureau Florian BOIZET Simona PHILIPS Grégory PHILIPS Xavier FOUASSIER Christel DUMAS Yannick BOUR La Brevetée d&rsquo;Etat 2nddegré Christel DUMAS Les Entraîneurs fédéraux Florian BOIZET &hellip; <a href="http://arc-antibes.fr/?page_id=771">Continuer la lecture <span class="meta-nav">&rarr;</span></a></p>
